{"id":6672,"date":"2026-01-06T12:10:54","date_gmt":"2026-01-06T11:10:54","guid":{"rendered":"\/shop\/?post_type=product&#038;p=6672"},"modified":"2026-01-08T09:02:08","modified_gmt":"2026-01-08T08:02:08","slug":"halbsuesse-tuete-klein","status":"publish","type":"product","link":"\/shop\/produkt\/halbsuesse-tuete-klein\/","title":{"rendered":"halbs\u00fc\u00dfe T\u00fcte klein"},"content":{"rendered":"<p>50mm Durchmesser \u00a0 135 lang<\/p>\n<p>378 St\u00fcck<\/p>\n<p>Bitte beachten Sie: Waffeln sind wegen ihrer Zerbrechlichkeit f\u00fcr den Paketversand ungeeignet. Bestellungen per Postversand sind von Garantie, R\u00fccknahme etc. ausgeschlossen.<\/p>\n","protected":false},"excerpt":{"rendered":"<p>M06a<\/p>\n","protected":false},"featured_media":0,"comment_status":"closed","ping_status":"closed","template":"","meta":{"_acf_changed":false},"product_brand":[],"product_cat":[319],"product_tag":[349],"food_declaration":[],"class_list":{"0":"post-6672","1":"product","2":"type-product","3":"status-publish","5":"product_cat-waffeln","6":"product_tag-halbsuesse-tuete-klein","8":"first","9":"instock","10":"shipping-taxable","11":"purchasable","12":"product-type-simple"},"acf":[],"_links":{"self":[{"href":"\/shop\/wp-json\/wp\/v2\/product\/6672","targetHints":{"allow":["GET"]}}],"collection":[{"href":"\/shop\/wp-json\/wp\/v2\/product"}],"about":[{"href":"\/shop\/wp-json\/wp\/v2\/types\/product"}],"replies":[{"embeddable":true,"href":"\/shop\/wp-json\/wp\/v2\/comments?post=6672"}],"wp:attachment":[{"href":"\/shop\/wp-json\/wp\/v2\/media?parent=6672"}],"wp:term":[{"taxonomy":"product_brand","embeddable":true,"href":"\/shop\/wp-json\/wp\/v2\/product_brand?post=6672"},{"taxonomy":"product_cat","embeddable":true,"href":"\/shop\/wp-json\/wp\/v2\/product_cat?post=6672"},{"taxonomy":"product_tag","embeddable":true,"href":"\/shop\/wp-json\/wp\/v2\/product_tag?post=6672"},{"taxonomy":"food_declaration","embeddable":true,"href":"\/shop\/wp-json\/wp\/v2\/food_declaration?post=6672"}],"curies":[{"name":"wp","href":"https:\/\/api.w.org\/{rel}","templated":true}]}}