{"id":6450,"date":"2025-09-08T15:26:40","date_gmt":"2025-09-08T13:26:40","guid":{"rendered":"https:\/\/www.softeis-meck-pomm.de\/shop\/?post_type=product&#038;p=6450"},"modified":"2026-02-02T10:16:50","modified_gmt":"2026-02-02T09:16:50","slug":"nissei-softeismaschinen","status":"publish","type":"product","link":"\/shop\/produkt\/nissei-softeismaschinen\/","title":{"rendered":"Nissei Softeismaschinen"},"content":{"rendered":"<p>Das high-end Modell, was keine W\u00fcnsche offen l\u00e4sst.<\/p>\n<p>Eine Maschine mit 1 oder 2 Sorten, mit bis zu F\u00fcnf Sorten Milchshake, dazu ein Shuffle Mixer und Pasteurisierer alle 6 Wochen reinigen.<\/p>\n<p>(das komplette Konzept bekannter Fast-Food-Ketten in einer Maschine)<\/p>\n<p>In einem 15- 30 min\u00fctigen Gespr\u00e4ch evaluieren wir mit Ihnen was f\u00fcr ein Ger\u00e4t am besten passt.<\/p>\n<p>&nbsp;<\/p>\n","protected":false},"excerpt":{"rendered":"<p>Das high-end Modell, was keine W\u00fcnsche offen l\u00e4sst. Eine Maschine mit 1 oder 2 Sorten, mit bis zu F\u00fcnf Sorten Milchshake, dazu ein Shuffle Mixer und Pasteurisierer alle 6 Wochen reinigen. (das komplette Konzept bekannter Fast-Food-Ketten in einer Maschine) In einem 15- 30 min\u00fctigen Gespr\u00e4ch evaluieren wir mit Ihnen was f\u00fcr ein Ger\u00e4t am besten [&hellip;]<\/p>\n","protected":false},"featured_media":6718,"comment_status":"closed","ping_status":"closed","template":"","meta":{"_acf_changed":false},"product_brand":[],"product_cat":[301],"product_tag":[],"food_declaration":[],"class_list":{"0":"post-6450","1":"product","2":"type-product","3":"status-publish","4":"has-post-thumbnail","6":"product_cat-eismaschinen","8":"first","9":"instock","10":"shipping-taxable","11":"purchasable","12":"product-type-simple"},"acf":[],"_links":{"self":[{"href":"\/shop\/wp-json\/wp\/v2\/product\/6450","targetHints":{"allow":["GET"]}}],"collection":[{"href":"\/shop\/wp-json\/wp\/v2\/product"}],"about":[{"href":"\/shop\/wp-json\/wp\/v2\/types\/product"}],"replies":[{"embeddable":true,"href":"\/shop\/wp-json\/wp\/v2\/comments?post=6450"}],"wp:featuredmedia":[{"embeddable":true,"href":"\/shop\/wp-json\/wp\/v2\/media\/6718"}],"wp:attachment":[{"href":"\/shop\/wp-json\/wp\/v2\/media?parent=6450"}],"wp:term":[{"taxonomy":"product_brand","embeddable":true,"href":"\/shop\/wp-json\/wp\/v2\/product_brand?post=6450"},{"taxonomy":"product_cat","embeddable":true,"href":"\/shop\/wp-json\/wp\/v2\/product_cat?post=6450"},{"taxonomy":"product_tag","embeddable":true,"href":"\/shop\/wp-json\/wp\/v2\/product_tag?post=6450"},{"taxonomy":"food_declaration","embeddable":true,"href":"\/shop\/wp-json\/wp\/v2\/food_declaration?post=6450"}],"curies":[{"name":"wp","href":"https:\/\/api.w.org\/{rel}","templated":true}]}}