{"id":6431,"date":"2025-09-08T13:43:22","date_gmt":"2025-09-08T11:43:22","guid":{"rendered":"https:\/\/www.softeis-meck-pomm.de\/shop\/?post_type=product&#038;p=6431"},"modified":"2026-02-05T10:48:03","modified_gmt":"2026-02-05T09:48:03","slug":"schokolade","status":"publish","type":"product","link":"\/shop\/produkt\/schokolade\/","title":{"rendered":"Softeispulver Schokolade Klassik"},"content":{"rendered":"<p>Milchspeiseeis ist ein wahrer Klassiker \u2013 vor allem die<strong>\u00a0Kreationen von Softeis Meck-Pomm\u00a0<\/strong>erfreuen sich gr\u00f6\u00dfter Beliebtheit! Freuen Sie sich bei der Sorte Classico auf ein\u00a0<strong>einmaliges Geschmackserlebnis<\/strong>, das ganz ohne Ei und Sahne \u00fcberzeugt und zudem<strong>\u00a0in zahlreichen Geschmacksrichtungen<\/strong> erh\u00e4ltlich ist<\/p>\n<p>Pflanzenfett Frei<\/p>\n<p>Palm\u00f6l Frei<\/p>\n<p>Gluten Frei<\/p>\n<p>Bei korrekter Dosierung enth\u00e4lt das Produkt 2,45% Milchfett ( 1Btl. + 4l Wasser)<\/p>\n<p>&nbsp;<\/p>\n","protected":false},"excerpt":{"rendered":"<p>Milchspeiseeis ist ein wahrer Klassiker \u2013 vor allem die\u00a0Kreationen von Softeis Meck-Pomm\u00a0erfreuen sich gr\u00f6\u00dfter Beliebtheit! Freuen Sie sich bei der Sorte Classico auf ein\u00a0einmaliges Geschmackserlebnis, das ganz ohne Ei und Sahne \u00fcberzeugt und zudem\u00a0in zahlreichen Geschmacksrichtungen erh\u00e4ltlich ist Pflanzenfett Frei Palm\u00f6l Frei Gluten Frei Bei korrekter Dosierung enth\u00e4lt das Produkt 2,45% Milchfett ( 1Btl. + [&hellip;]<\/p>\n","protected":false},"featured_media":6647,"comment_status":"closed","ping_status":"closed","template":"","meta":{"_acf_changed":false},"product_brand":[],"product_cat":[318],"product_tag":[],"food_declaration":[],"class_list":{"0":"post-6431","1":"product","2":"type-product","3":"status-publish","4":"has-post-thumbnail","6":"product_cat-softeispulver","8":"first","9":"instock","10":"featured","11":"shipping-taxable","12":"purchasable","13":"product-type-simple"},"acf":[],"_links":{"self":[{"href":"\/shop\/wp-json\/wp\/v2\/product\/6431","targetHints":{"allow":["GET"]}}],"collection":[{"href":"\/shop\/wp-json\/wp\/v2\/product"}],"about":[{"href":"\/shop\/wp-json\/wp\/v2\/types\/product"}],"replies":[{"embeddable":true,"href":"\/shop\/wp-json\/wp\/v2\/comments?post=6431"}],"wp:featuredmedia":[{"embeddable":true,"href":"\/shop\/wp-json\/wp\/v2\/media\/6647"}],"wp:attachment":[{"href":"\/shop\/wp-json\/wp\/v2\/media?parent=6431"}],"wp:term":[{"taxonomy":"product_brand","embeddable":true,"href":"\/shop\/wp-json\/wp\/v2\/product_brand?post=6431"},{"taxonomy":"product_cat","embeddable":true,"href":"\/shop\/wp-json\/wp\/v2\/product_cat?post=6431"},{"taxonomy":"product_tag","embeddable":true,"href":"\/shop\/wp-json\/wp\/v2\/product_tag?post=6431"},{"taxonomy":"food_declaration","embeddable":true,"href":"\/shop\/wp-json\/wp\/v2\/food_declaration?post=6431"}],"curies":[{"name":"wp","href":"https:\/\/api.w.org\/{rel}","templated":true}]}}