{"id":853,"date":"2023-01-24T14:57:36","date_gmt":"2023-01-24T13:57:36","guid":{"rendered":"https:\/\/dev.everpress.everapps.dev\/impressum\/"},"modified":"2024-08-06T17:48:08","modified_gmt":"2024-08-06T15:48:08","slug":"impressum","status":"publish","type":"page","link":"\/shop\/impressum\/","title":{"rendered":"Impressum"},"content":{"rendered":"\n\t<div class=\"ep-content-dynamic  bg-light space \"><div class=\"row   default-start default-top\"><div class=\"col \"><div class=\"row\">\n<div class=\"col\">\n<h1>Impressum <span>Gro\u00dfhandel f\u00fcr Eismaschinen, Eisgrundstoffe und Zubeh\u00f6r \u2013 Jan Rei\u00dfmann<\/span><\/h1>\n<\/div>\n<div class=\"col large-6\">\n<dl>\n<dt>Firmenname:<\/dt>\n<dd>Gro\u00dfhandel f\u00fcr Eismaschinen, Eisgrundstoffe und Zubeh\u00f6r \u2013 Jan Rei\u00dfmann<\/dd>\n<dt>Adresse:<\/dt>\n<dd>Warliner Stra\u00dfe 8, 17034 Neubrandenburg &#8211; Deutschland<\/dd>\n<dt>Telefon:<\/dt>\n<dd><a href=\"tel:+493955666264\" class=\" phone\" title=\"Gro\u00dfhandel f\u00fcr Eismaschinen, Eisgrundstoffe und Zubeh\u00f6r \u2013 Jan Rei\u00dfmann in 17034 Neubrandenburg anrufen\">+49 395 5666264<\/a><\/dd>\n<dt>Fax:<\/dt>\n<dd>0395 5820163<\/dd>\n<dt>E-Mail:<\/dt>\n<dd><a href=\"\/shop\" class=\" escape email\" title=\"E-Mail an Gro\u00dfhandel f\u00fcr Eismaschinen, Eisgrundstoffe und Zubeh\u00f6r \u2013 Jan Rei\u00dfmann at 17034 Neubrandenburg senden\" data-email='{\"name\":\"info\",\"host\":\"softeis-meckpomm.de\"}'>info<span class=\"escape\">&part;<\/span>softeis-meckpomm.de<\/a><\/dd>\n<dt>Internetadresse:<\/dt>\n<dd><a href=\"\/shop\" title=\"Webseite\">\/shop<\/a><\/dd>\n<\/dl><\/div>\n<div class=\"col large-6\">\n<dl>\n<dt>Rechtsform:<\/dt>\n<dd>Einzelunternehmen<\/dd>\n<dt>Umsatzsteuer ID:<\/dt>\n<dd>DE326823287<\/dd>\n<dt>\n\t\t\t\tInhaber:\t\t\t<\/dt>\n<dd>Jan Rei\u00dfmann<\/dd>\n<\/dl><\/div>\n<div class=\"col\">\n<p>Bitte beachten Sie auch unsere <a href=\"\/shop\/datenschutzerklaerung\/\" title=\"Datenschutz Gro\u00dfhandel f\u00fcr Eismaschinen, Eisgrundstoffe und Zubeh\u00f6r \u2013 Jan Rei\u00dfmann\">Datenschutzerkl\u00e4rung<\/a>.<\/p>\n<\/div>\n<div class=\"col\">\n<p>Wir sind nicht bereit oder verpflichtet, an Streitbeilegungsverfahren vor einer Verbraucherschlichtungsstelle teilzunehmen.<\/p>\n<\/div>\n<\/div>\n<\/div><\/div><\/div>\n\t","protected":false},"excerpt":{"rendered":"","protected":false},"author":1,"featured_media":0,"parent":0,"menu_order":0,"comment_status":"closed","ping_status":"closed","template":"","meta":{"_acf_changed":false,"footnotes":""},"class_list":["post-853","page","type-page","status-publish","hentry"],"acf":[],"_links":{"self":[{"href":"\/shop\/wp-json\/wp\/v2\/pages\/853","targetHints":{"allow":["GET"]}}],"collection":[{"href":"\/shop\/wp-json\/wp\/v2\/pages"}],"about":[{"href":"\/shop\/wp-json\/wp\/v2\/types\/page"}],"author":[{"embeddable":true,"href":"\/shop\/wp-json\/wp\/v2\/users\/1"}],"replies":[{"embeddable":true,"href":"\/shop\/wp-json\/wp\/v2\/comments?post=853"}],"version-history":[{"count":0,"href":"\/shop\/wp-json\/wp\/v2\/pages\/853\/revisions"}],"wp:attachment":[{"href":"\/shop\/wp-json\/wp\/v2\/media?parent=853"}],"curies":[{"name":"wp","href":"https:\/\/api.w.org\/{rel}","templated":true}]}}